hat is the hundreds digit of 1275?
2
What is the thousands digit of 44289?
4
What is the tens digit of 2096?
9
What is the units digit of 9206?
6
What is the units digit of 918?
8
What is the tens digit of 23821?
2
What is the tens digit of 2213?
1
What is the ten thousands digit of 21715?
2
What is the tens digit of 23953?
5
What is the units digit of 9286?
6
What is the hundreds digit of 6945?
9
What is the hundreds digit of 2575?
5
What is the units digit of 8429?
9
What is the tens digit of 10088?
8
What is the tens digit of 8365?
6
What is the tens digit of 4374?
7
What is the ten thousands digit of 16762?
1
What is the units digit of 551?
1
What is the units digit of 2293?
3
What is the units digit of 45653?
3
What is the hundreds digit of 566?
5
What is the hundreds digit of 456?
4
What is the tens digit of 106?
0
What is the thousands digit of 41462?
1
What is the ten thousands digit of 28878?
2
What is the tens digit of 445?
4
What is the hundreds digit of 22671?
6
What is the units digit of 55?
5
What is the tens digit of 5858?
5
What is the thousands digit of 2359?
2
What is the units digit of 3420?
0
What is the hundreds digit of 9570?
5
What is the thousands digit of 13424?
3
What is the tens digit of 7088?
8
What is the units digit of 76907?
7
What is the tens digit of 1743?
4
What is the thousands digit of 3080?
3
What is the tens digit of 13042?
4
What is the units digit of 1467?
7
What is the tens digit of 3992?
9
What is the tens digit of 1634?
3
What is the thousands digit of 13626?
3
What is the ten thousands digit of 55935?
5
What is the units digit of 2114?
4
What is the thousands digit of 9486?
9
What is the units digit of 39239?
9
What is the tens digit of 5950?
5
What is the units digit of 447?
7
What is the ten thousands digit of 32707?
3
What is the hundreds digit of 991?
9
What is the ten thousands digit of 26117?
2
What is the thousands digit of 4504?
4
What is the hundreds digit of 1655?
6
What is the units digit of 3568?
8
What is the ten thousands digit of 16512?
1
What is the hundreds digit of 9087?
0
What is the tens digit of 10164?
6
What is the units digit of 6114?
4
What is the tens digit of 3100?
0
What is the units digit of 8849?
9
What is the tens digit of 3346?
4
What is the units digit of 1828?
8
What is the thousands digit of 117370?
7
What is the units digit of 1139?
9
What is the units digit of 9649?
9
What is the tens digit of 1072?
7
What is the tens digit of 49310?
1
What is the tens digit of 1587?
8
What is the hundreds digit of 1000?
0
What is the ten thousands digit of 59945?
5
What is the thousands digit of 1121?
1
What is the ten thousands digit of 40424?
4
What is the hundreds digit of 451?
4
What is the hundreds digit of 91089?
0
What is the tens digit of 925?
2
What is the units digit of 5686?
6
What is the tens digit of 30107?
0
What is the hundreds digit of 166?
1
What is the units digit of 2145?
5
What is the hundreds digit of 74733?
7
What is the hundreds digit of 211?
2
What is the ten thousands digit of 23506?
2
What is the hundreds digit of 23920?
9
What is the hundreds digit of 3733?
7
What is the hundreds digit of 55781?
7
What is the units digit of 3013?
3
What is the units digit of 484?
4
What is the tens digit of 19469?
6
What is the thousands digit of 52632?
2
What is the tens digit of 11214?
1
What is the tens digit of 101501?
0
What is the thousands digit of 46624?
6
What is the units digit of 814?
4
What is the units digit of 3794?
4
What is the hundreds digit of 257?
2
What is the units digit of 9985?
5
What is the tens digit of 1060?
6
What is the units digit of 314?
4
What is the hundreds digit of 1368?
3
What is the hundreds digit of 23408?
4
What is the hundreds digit of 2241?
2
What is the ten thousands digit of 60978?
6
What is the hundreds digit of 5522?
5
What is the units digit of 883?
3
What is the hundreds digit of 5033?
0
What is the units digit of 221?
1
What is the units digit of 606?
6
What is the hundreds digit of 40437?
4
What is the tens digit of 7086?
8
What is the hundreds digit of 51848?
8
What is the thousands digit of 1274?
1
What is the hundreds digit of 4474?
4
What is the tens digit of 15893?
9
What is the tens digit of 872?
7
What is the thousands digit of 1327?
1
What is the hundreds digit of 903?
9
What is the hundreds digit of 22435?
4
What is the tens digit of 867?
6
What is the units digit of 13471?
1
What is the thousands digit of 142164?
2
What is the hundreds digit of 1709?
7
What is the hundreds digit of 142?
1
What is the hundreds digit of 1417?
4
What is the tens digit of 222?
2
What is the units digit of 421?
1
What is the thousands digit of 49641?
9
What is the units digit of 737?
7
What is the thousands digit of 4887?
4
What is the thousands digit of 1313?
1
What is the hundreds digit of 1662?
6
What is the units digit of 3549?
9
What is the hundreds digit of 1386?
3
What is the hundreds digit of 72034?
0
What is the tens digit of 4590?
9
What is the tens digit of 970?
7
What is the thousands digit of 7637?
7
What is the hundreds digit of 74033?
0
What is the tens digit of 5703?
0
What is the tens digit of 92482?
8
What is the hundreds digit of 22070?
0
What is the units digit of 6147?
7
What is the ten thousands digit of 77508?
7
What is the ten thousands digit of 13947?
1
What is the hundreds digit of 3685?
6
What is the thousands digit of 24185?
4
What is the tens digit of 12000?
0
What is the thousands digit of 22734?
2
What is the tens digit of 28219?
1
What is the tens digit of 49910?
1
What is the units digit of 1368?
8
What is the tens digit of 357?
5
What is the thousands digit of 1005?
1
What is the thousands digit of 1060?
1
What is the thousands digit of 44902?
4
What is the hundreds digit of 3101?
1
What is the tens digit of 803?
0
What is the units digit of 8605?
5
What is the units digit of 86701?
1
What is the hundreds digit of 159?
1
What is the thousands digit of 9288?
9
What is the units digit of 1739?
9
What is the units digit of 1077?
7
What is the hundreds digit of 280?
2
What is the hundreds digit of 979?
9
What is the units digit of 306?
6
What is the ten thousands digit of 13898?
1
What is the hundreds digit of 7721?
7
What is the tens digit of 2172?
7
What is the thousands digit of 8430?
8
What is the tens digit of 6369?
6
What is the ten thousands digit of 12399?
1
What is the units digit of 8805?
5
What is the units digit of 578?
8
What is the tens digit of 3607?
0
What is the hundreds digit of 35117?
1
What is the tens digit of 845?
4
What is the units digit of 155469?
9
What is the tens digit of 1646?
4
What is the hundreds digit of 1906?
9
What is the thousands digit of 34105?
4
What is the hundreds digit of 5385?
3
What is the thousands digit of 11274?
1
What is the hundreds digit of 2391?
3
What is the hundreds digit of 59341?
3
What is the hundred thousands digit of 117138?
1
What is the thousands digit of 42551?
2
What is the hundreds digit of 1112?
1
What is the hundreds digit of 24928?
9
What is the ten thousands digit of 111504?
1
What is the tens digit of 373?
7
What is the hundreds digit of 1534?
5
What is the hundreds digit of 19543?
5
What is the ten thousands digit of 13140?
1
What is the units digit of 949?
9
What is the tens digit of 541?
4
What is the tens digit of 595?
9
What is the hundreds digit of 35781?
7
What is the tens digit of 1425?
2
What is the tens digit of 1561?
6
What is the units digit of 27778?
8
What is the tens digit of 3001?
0
What is the units digit of 17590?
0
What is the hundreds digit of 397?
3
What is the ten thousands digit of 30687?
3
What is the thousands digit of 20780?
0
What is the tens digit of 39456?
5
What is the ten thousands digit of 28792?
2
What is the thousands digit of 1052?
1
What is the units digit of 71?
1
What is the units digit of 862?
2
What is the units digit of 896?
6
What is the tens digit of 910?
1
What is the tens digit of 26809?
0
What is the units digit of 69496?
6
What is the thousands digit of 21875?
1
What is the hundreds digit of 1029?
0
What is the hundreds digit of 3370?
3
What is the tens digit of 1573?
7
What is the tens digit of 935?
3
What is the hundreds digit of 2035?
0
What is the thousands digit of 123841?
3
What is 